{"id":1869,"date":"2019-11-27T12:40:16","date_gmt":"2019-11-27T12:40:16","guid":{"rendered":"http:\/\/www.dj-vodovod.hr\/?page_id=1869"},"modified":"2022-05-26T10:07:00","modified_gmt":"2022-05-26T10:07:00","slug":"aglomeracija-dakovo","status":"publish","type":"page","link":"http:\/\/www.dj-vodovod.hr\/?page_id=1869","title":{"rendered":"Aglomeracija \u0110akovo"},"content":{"rendered":"<p>Dozvole i rje\u0161enja:<\/p>\n<p><a href=\"http:\/\/www.dj-vodovod.hr\/wp-content\/uploads\/2020\/09\/Dodatak_5_EZO_2014.pdf\">Dodatak 5 EZO 2014.<\/a><br \/>\n<a href=\"http:\/\/www.dj-vodovod.hr\/wp-content\/uploads\/2020\/09\/Rje\u0161enje_\u0110akovo-MZOIE.pdf\">Rje\u0161enje \u0110akovo MZOIE<\/a><br \/>\n<a href=\"http:\/\/www.dj-vodovod.hr\/wp-content\/uploads\/2020\/09\/ZAHTJEV-ZA-OCJENU-Djakovo-2016-susara.pdf\">Zahtjev za ocjenu \u0110akovo 2016 &#8211; su\u0161ara<\/a><br \/>\n<a href=\"http:\/\/www.dj-vodovod.hr\/wp-content\/uploads\/2017\/07\/Dodatak-4-mi%C5%A1ljenje-MZOIE-uskla%C4%91enost-2016.pdf\">Dodatak 4 mi\u0161ljenje MZOIE uskla\u0111enost 2016<\/a><br \/>\n<a href=\"http:\/\/www.dj-vodovod.hr\/wp-content\/uploads\/2017\/07\/Dodatak-4a-mi%C5%A1ljenje-MZOIE-uskla%C4%91enost-2017.pdf\">Dodatak 4a mi\u0161ljenje MZOIE uskla\u0111enost 2017<\/a><br \/>\n<a href=\"http:\/\/www.dj-vodovod.hr\/wp-content\/uploads\/2017\/07\/Dopuna-lokacijske-dozvole-Selci.pdf\">Dopuna lokacijske dozvole Selci<\/a><br \/>\n<a href=\"http:\/\/www.dj-vodovod.hr\/wp-content\/uploads\/2017\/07\/Gra%C4%91evinska-dozvola-Budrovci.pdf\">Gra\u0111evinska dozvola Budrovci<\/a><br \/>\n<a href=\"http:\/\/www.dj-vodovod.hr\/wp-content\/uploads\/2017\/07\/Gra%C4%91evinska-dozvola-%C4%90akovo-I.pdf\">Gra\u0111evinska dozvola \u0110akovo I<\/a><br \/>\n<a href=\"http:\/\/www.dj-vodovod.hr\/wp-content\/uploads\/2019\/12\/Lokacijska-dozvola-\u0110akovo-II.pdf\">Gra\u0111evinska dozvola \u0110akovo II<\/a><br \/>\n<a href=\"http:\/\/www.dj-vodovod.hr\/wp-content\/uploads\/2017\/07\/Gra%C4%91evinska-dozvola-%C4%90akovo-III.pdf\">Gra\u0111evinska dozvola \u0110akovo III<\/a><br \/>\n<a href=\"http:\/\/www.dj-vodovod.hr\/wp-content\/uploads\/2017\/07\/Gra%C4%91evinska-dozvola-Pi%C5%A1korevci.pdf\">Gra\u0111evinska dozvola Pi\u0161korevci<\/a><br \/>\n<a href=\"http:\/\/www.dj-vodovod.hr\/wp-content\/uploads\/2017\/07\/Lokaacijska-dozvola-%C4%90akovo.pdf\">Lokaacijska dozvola \u0110akovo<\/a><br \/>\n<a href=\"http:\/\/www.dj-vodovod.hr\/wp-content\/uploads\/2017\/07\/Lokacijska-dozvola-Pi%C5%A1korevci.pdf\">Lokacijska dozvola Pi\u0161korevci<\/a><br \/>\n<a href=\"http:\/\/www.dj-vodovod.hr\/wp-content\/uploads\/2017\/07\/Lokacijska-dozvola-Budrovci.pdf\">Lokacijska dozvola Budrovci<\/a><br \/>\n<a href=\"http:\/\/www.dj-vodovod.hr\/wp-content\/uploads\/2019\/12\/Lokacijska-dozvola-\u0110akovo-II.pdf\">Lokacijska dozvola \u0110akovo II<\/a><br \/>\n<a href=\"http:\/\/www.dj-vodovod.hr\/wp-content\/uploads\/2019\/12\/Lokacijska-dozvola-Selci.pdf\">Lokacijska dozvola Selci<\/a><br \/>\n<a href=\"http:\/\/www.dj-vodovod.hr\/wp-content\/uploads\/2019\/12\/Lokacijska-dozvola-UPOV-\u0110akovo.pdf\">Lokacijska UPOV<\/a><br \/>\n<a href=\"http:\/\/www.dj-vodovod.hr\/wp-content\/uploads\/2017\/07\/Potvrda-glavnog-prijekta-i-produ%C5%BEetak-Selci.pdf\">Potvrda glavnog prijekta i produ\u017eetak Selci<\/a><br \/>\n<a href=\"http:\/\/www.dj-vodovod.hr\/wp-content\/uploads\/2017\/07\/Potvrda-glavnog-projekta-Selci-Faza-I.pdf\">Potvrda glavnog projekta Selci Faza I<\/a><br \/>\n<a href=\"http:\/\/www.dj-vodovod.hr\/wp-content\/uploads\/2017\/07\/Rje%C5%A1enje-Ministarstvo-za%C5%A1tite-okoli%C5%A1a-su%C5%A1ara.pdf\">Rje\u0161enje Ministarstvo za\u0161tite okoli\u0161a su\u0161ara<\/a><br \/>\n<a href=\"http:\/\/www.dj-vodovod.hr\/wp-content\/uploads\/2017\/07\/Rje%C5%A1enje-Ministarstvo-za%C5%A1tite-okoli%C5%A1a.pdf\">Rje\u0161enje Ministarstvo za\u0161tite okoli\u0161a<\/a><br \/>\n<a href=\"http:\/\/www.dj-vodovod.hr\/wp-content\/uploads\/2019\/12\/Ispravak-gra\u0111evinske-dozvole-Budrovci.pdf\">Ispravak gra\u0111evinske dozvole Budrovci<\/a><br \/>\n<a href=\"http:\/\/www.dj-vodovod.hr\/wp-content\/uploads\/2019\/12\/Ispravak-gra\u0111evinske-dozvole-\u0110akovo-II..pdf\">Ispravak gra\u0111evinske dozvole \u0110akovo II.<\/a><br \/>\n<a href=\"http:\/\/www.dj-vodovod.hr\/wp-content\/uploads\/2019\/12\/Ispravak-gra\u0111evinske-dozvole-\u0110akovo-III..pdf\">Ispravak gra\u0111evinske dozvole \u0110akovo III.<\/a><\/p>\n<p><a href=\"https:\/\/www.aglomeracija.com\/\">AGLOMERACIJA \u0110AKOVO<\/a><\/p>\n<p><a href=\"https:\/\/aglomeracija-semeljci.com\/\">AGLOMERACIJA SEMELJCI<\/a><\/p>\n<p><strong>O<\/strong><strong>PIS PROJEKTA<\/strong><\/p>\n<p>Projekt\u00a0<strong>\u201ePobolj\u0161anje vodnokomunalne infrastrukture aglomeracije \u0110akovo\u201c<\/strong>\u00a0(u daljnjem tekstu Projekt) je infrastrukturni projekt koji se\u00a0 sufinancira sredstvima EU u okviru Operativnog programa Konkurentnost i kohezija 2014.-2020.<\/p>\n<p>Projektom se predvi\u0111a izvo\u0111enje sljede\u0107ih radova :<\/p>\n<ul>\n<li><em>rekonstrukcija i dogradnja dijelova sustava prikupljanja i odvodnje otpadnih voda grada \u0110akova<\/em><\/li>\n<li><em>rekonstrukcija i dogradnja dijelova vodovodne mre\u017ee grada \u0110akova \u00a0<\/em><\/li>\n<li><em>izgradnja sustava prikupljanja i odvodnje otpadnih voda naselja Pi\u0161korevci<\/em><\/li>\n<li><em>izgradnja sustava prikupljanja i odvodnje otpadnih voda naselja Budrovci<\/em><\/li>\n<li><em>izgradnja sustava prikupljanja i odvodnje otpadnih voda naselja Selci \u0110akova\u010dki<\/em><\/li>\n<li><em>projektiranje i izgradnja ure\u0111aja za pro\u010di\u0161\u0107avanje otpadnih voda kapaciteta 33.000 ES<strong>\u00a0<\/strong><\/em><\/li>\n<\/ul>\n<p>&nbsp;<\/p>\n<p><strong>CILJEVI I O\u010cEKIVANI REZULTATI<\/strong><\/p>\n<p>CILJEVI<\/p>\n<p>Osnovni ciljevi projekta su ispunjenje zahtjeva Direktive o pro\u010di\u0161\u0107avanju komunalnih otpadnih voda (91\/271\/EEZ), Okvirne direktive o vodama (2000\/60\/EZ) i Direktive o kvaliteti vode namijenjene za ljudsku potro\u0161nju (98\/83\/EZ).<\/p>\n<p>Provedbom projekta \u0107e se, obzirom na direktivu 91\/271\/EEZ:<\/p>\n<ul>\n<li><em>pove\u0107ati priklju\u010denost na sustav odvodnje (oko 95% stalnog stanovni\u0161tva na podru\u010dju aglomeracije \u0110akovo \u0107e se priklju\u010diti na sustav odvodnje)<\/em><\/li>\n<li><em>osigurati adekvatno pro\u010di\u0161\u0107avanje otpadnih voda gradnjom ure\u0111aja za pro\u010di\u0161\u0107avanje otpadnih voda III stupnja<\/em><\/li>\n<li><em>pove\u0107ati u\u010dinkovitost i pouzdanost javnog sustava odvodnje i pro\u010di\u0161\u0107avanja otpadnih voda uvo\u0111enjem ekonomske cijene vode (princip zaga\u0111iva\u010d pla\u0107a).<\/em><\/li>\n<li><em>smanjiti infiltracija tu\u0111ih voda u sustav odvodnje na prihvatljivu razinu (rekonstruirati \u0107e se postoje\u0107i kanalizacijski cjevovodi na kojima je zabilje\u017eena zna\u010dajna infiltracija i dotrajalost, \u0161to \u0107e pogodovati za\u0161titi podzemnih voda i smanjenju operativnih tro\u0161kova sustava odvodnje i ure\u0111aja za pro\u010di\u0161\u0107avanje)<\/em><\/li>\n<\/ul>\n<p>Obzirom na direktivu 2000\/60\/EZ:<\/p>\n<ul>\n<li><em>smanjiti ispu\u0161tanje nepro\u010di\u0161\u0107enih otpadnih voda u podzemne i povr\u0161inske vode (rekonstrukcijom postoje\u0107eg sustava odvodnje, i izgradnjom nove mre\u017ee u naseljima<\/em><\/li>\n<\/ul>\n<p><em>gdje iste nema, nego se otpadne vode prikupljaju u individualnim neadekvatnim sustavima)<\/em><\/p>\n<ul>\n<li><em>pobolj\u0161ati ekolo\u0161ko stanje povr\u0161inskih i podzemnih voda<\/em><\/li>\n<\/ul>\n<p>Obzirom na direktivu 98\/83\/EZ:<\/p>\n<ul>\n<li><em>pove\u0107ati u\u010dinkovitost i pouzdanost javnog sustava vodoopskrbe, putem rekonstrukcije sustava vodoopskrbe u dijelu naselja \u0110akovo (Preradovi\u0107eva i Pavi\u0107eva ulica).<\/em><\/li>\n<\/ul>\n<p>O\u010cEKIVANI REZULTATI<\/p>\n<ul>\n<li><em>Smanjenje lokalnih razlika u stupnju razvoja pove\u0107anjem kvalitete \u017eivota<\/em><\/li>\n<\/ul>\n<ul>\n<li><em>Ispunjenje me\u0111unarodnih obveza, posebno u pogledu preuzimanja pravne ste\u010devine EU i obveza koje proizlaze iz punopravnog \u010dlanstva u EU<\/em><\/li>\n<li><em>Pove\u0107anje izravnih i neizravnih gospodarskih koristi od investicija<\/em><\/li>\n<\/ul>\n<ul>\n<li><em>Smanjenje tro\u0161kova zbrinjavanja otpadnih voda potro\u0161a\u010da koji u postoje\u0107em stanju imaju septi\u010dke jame<\/em><\/li>\n<\/ul>\n<ul>\n<li><em>Pobolj\u0161anje kakvo\u0107e vodnih cjelina koje su trenutno izlo\u017eene ispu\u0161tanju nepro\u010di\u0161\u0107enih otpadnih voda<\/em><\/li>\n<li><em>Smanjenje zdravstvenih rizika na podru\u010dju aglomeracije<\/em><\/li>\n<\/ul>\n<p>&nbsp;<\/p>\n<p style=\"text-align: center;\"><strong>VRIJEDNOST PROJEKTA<\/strong><\/p>\n<p style=\"text-align: center;\">Ukupna vrijednost projekta :<\/p>\n<p style=\"text-align: center;\"><em>267.314.533,82 HRK<\/em><\/p>\n<p style=\"text-align: center;\">Ukupni prihvatljivi tro\u0161kovi :<\/p>\n<p style=\"text-align: center;\"><em>213.851.627,05 HRK<\/em><\/p>\n<p style=\"text-align: center;\">Bespovratna EU sredstva:<\/p>\n<p style=\"text-align: center;\"><em>152.261.357,46 HRK<\/em><\/p>\n<p style=\"text-align: center;\"><strong>VODITELJ PROJEKTA<\/strong><strong>\u00a0<\/strong><\/p>\n<p style=\"text-align: center;\">Hrvoje \u0160imi\u0107 dipl. ing. gra\u0111.<\/p>\n<p style=\"text-align: center;\">Tel: 031\/813-564<\/p>\n<p style=\"text-align: center;\"><strong>RAZDOBLJE PROVEDBE PROJEKTA<\/strong><\/p>\n<p style=\"text-align: center;\"><em>2018.-2020.<\/em><\/p>\n<p>&nbsp;<\/p>\n<p><strong>SUDIONICI NA PROJEKTU<\/strong><\/p>\n<p><strong>Korisnik Projekta i Naru\u010ditelj:<\/strong><\/p>\n<p><em>\u0110AKOVA\u010cKI VODOVOD d.o.o. \u0110AKOVO<\/em><\/p>\n<p><a href=\"http:\/\/www.dj-vodovod.hr\/\">http:\/\/www.dj-vodovod.hr\/<\/a><\/p>\n<p><strong>Partneri korisnika sredstava:<\/strong><\/p>\n<p><em>GRAD \u0110AKOVO<\/em><\/p>\n<p><a href=\"https:\/\/djakovo.hr\/\">https:\/\/djakovo.hr\/<\/a><\/p>\n<p><em>OP\u0106INA SATNICA \u0110AKOVA\u010cKA<\/em><\/p>\n<p><a href=\"https:\/\/www.satnica-djakovacka.hr\/\">https:\/\/www.satnica-djakovacka.hr\/<\/a><\/p>\n<p><strong>Posredni\u010dko tijelo razine 1:<\/strong><\/p>\n<p><em>MINISTARSTVO ZA\u0160TITE OKOLI\u0160A I ENERGETIKE<\/em><\/p>\n<p><a href=\"https:\/\/www.mzoip.hr\/\">https:\/\/www.mzoip.hr\/<\/a><\/p>\n<p><strong>Posredni\u010dko tijelo razine 2:<\/strong><\/p>\n<p><em>HRVATSKE VODE<\/em><\/p>\n<p><a href=\"http:\/\/www.voda.hr\/\">http:\/\/www.voda.hr\/<\/a><\/p>\n<p><strong>Studija izvodljivosti i aplikacija :<\/strong><\/p>\n<p><em>ECOINA d.o.o. ZAGREB<\/em><\/p>\n<p><a href=\"http:\/\/www.ecoina.hr\/\">http:\/\/www.ecoina.hr\/<\/a><\/p>\n<p><strong>Projektanti glavnih projekata :<\/strong><\/p>\n<p><em>ECOINA d.o.o. ZAGREB<\/em><\/p>\n<p><a href=\"http:\/\/www.ecoina.hr\/\">http:\/\/www.ecoina.hr\/<\/a><\/p>\n<p><em>\u0110AKOVOPROJEKT d.o.o. \u0110AKOVO<\/em><\/p>\n<p><strong>Nadzor radova :<\/strong><\/p>\n<p><em>INSTITUT IGH d.d. ZAGREB<\/em><\/p>\n<p><a href=\"https:\/\/www.igh.hr\/\">https:\/\/www.igh.hr\/<\/a><\/p>\n<p><em>EPTISA ADRIA d.o.o. ZAGREB<\/em><\/p>\n<p><a href=\"http:\/\/www.eptisa.com\/\">http:\/\/www.eptisa.com\/<\/a><\/p>\n<p><em>IDT IN\u017dENJERING d.o.o. OSIJEK<\/em><\/p>\n<p><a href=\"http:\/\/www.idt-inzenjering.hr\/\">http:\/\/www.idt-inzenjering.hr\/<\/a><\/p>\n<p><strong>Izvo\u0111a\u010d rekonstrukcije i izgradnje sustava odvodnje ( zajednica ponuditelja):<\/strong><\/p>\n<p><em>SOKOL d.o.o. VINKOVCI<\/em><\/p>\n<p><a href=\"http:\/\/sokol-vinkovci.hr\/\">http:\/\/sokol-vinkovci.hr\/<\/a><\/p>\n<p><em>VODOVOD-MONTA\u017dA d.o.o. OSIJEK<\/em><\/p>\n<p><em>VUKA d.d. OSIJEK<\/em><\/p>\n<p><a href=\"http:\/\/www.vuka-osijek.hr\/\">http:\/\/www.vuka-osijek.hr\/<\/a><\/p>\n<p><em>GRAVIA d.o.o. OSIJEK<\/em><\/p>\n<p><em>MONTER-STROJARSKE MONTA\u017dE d.d. ZAGREB<\/em><\/p>\n<p><a href=\"http:\/\/www.monter-sm.hr\/\">http:\/\/www.monter-sm.hr\/<\/a><\/p>\n<p><em>ATO IN\u017dENJERING d.o.o. OSIJEK<\/em><\/p>\n<p><a href=\"http:\/\/195.29.45.36\/\">http:\/\/195.29.45.36\/<\/a><\/p>\n<p><em>POLION d.o.o. VINKOVCI<\/em><\/p>\n<p><a href=\"http:\/\/polion.hr\/\">http:\/\/polion.hr\/<\/a><\/p>\n<p><em>MEIXNER d.o.o. ZAGREB<\/em><\/p>\n<p><a href=\"https:\/\/meixner.hr\/\">https:\/\/meixner.hr\/<\/a><\/p>\n<p><strong>Promid\u017eba i vidljivost projekta:<\/strong><\/p>\n<p><em>LIBRO d.o.o. \u0110AKOVO<\/em><\/p>\n<p><a href=\"http:\/\/www.libro.hr\/\">http:\/\/www.libro.hr\/<\/a><\/p>\n","protected":false},"excerpt":{"rendered":"<p>Dozvole i rje\u0161enja: Dodatak 5 EZO 2014. Rje\u0161enje \u0110akovo MZOIE Zahtjev za ocjenu \u0110akovo 2016 &#8211; su\u0161ara Dodatak 4 mi\u0161ljenje MZOIE uskla\u0111enost 2016 Dodatak 4a mi\u0161ljenje MZOIE uskla\u0111enost 2017 Dopuna lokacijske dozvole Selci Gra\u0111evinska dozvola Budrovci Gra\u0111evinska dozvola \u0110akovo I Gra\u0111evinska dozvola \u0110akovo II Gra\u0111evinska dozvola \u0110akovo III Gra\u0111evinska dozvola Pi\u0161korevci Lokaacijska dozvola \u0110akovo Lokacijska [&hellip;]<\/p>\n","protected":false},"author":1,"featured_media":0,"parent":0,"menu_order":0,"comment_status":"closed","ping_status":"closed","template":"page-full.php","meta":{"ngg_post_thumbnail":0,"footnotes":""},"_links":{"self":[{"href":"http:\/\/www.dj-vodovod.hr\/index.php?rest_route=\/wp\/v2\/pages\/1869"}],"collection":[{"href":"http:\/\/www.dj-vodovod.hr\/index.php?rest_route=\/wp\/v2\/pages"}],"about":[{"href":"http:\/\/www.dj-vodovod.hr\/index.php?rest_route=\/wp\/v2\/types\/page"}],"author":[{"embeddable":true,"href":"http:\/\/www.dj-vodovod.hr\/index.php?rest_route=\/wp\/v2\/users\/1"}],"replies":[{"embeddable":true,"href":"http:\/\/www.dj-vodovod.hr\/index.php?rest_route=%2Fwp%2Fv2%2Fcomments&post=1869"}],"version-history":[{"count":6,"href":"http:\/\/www.dj-vodovod.hr\/index.php?rest_route=\/wp\/v2\/pages\/1869\/revisions"}],"predecessor-version":[{"id":2608,"href":"http:\/\/www.dj-vodovod.hr\/index.php?rest_route=\/wp\/v2\/pages\/1869\/revisions\/2608"}],"wp:attachment":[{"href":"http:\/\/www.dj-vodovod.hr\/index.php?rest_route=%2Fwp%2Fv2%2Fmedia&parent=1869"}],"curies":[{"name":"wp","href":"https:\/\/api.w.org\/{rel}","templated":true}]}}