{"id":2102,"date":"2020-09-24T11:19:30","date_gmt":"2020-09-24T11:19:30","guid":{"rendered":"http:\/\/www.dj-vodovod.hr\/?page_id=2102"},"modified":"2020-09-24T11:24:37","modified_gmt":"2020-09-24T11:24:37","slug":"izgradnja-vodoopskrbnog-cjevovoda-izmedu-naselja-trnava-i-hrkanovci-dakovacki","status":"publish","type":"page","link":"http:\/\/www.dj-vodovod.hr\/?page_id=2102","title":{"rendered":"Izgradnja vodoopskrbnog cjevovoda izme\u0111u naselja Trnava i Hrkanovci \u0110akova\u010dki"},"content":{"rendered":"<h4><a href=\"http:\/\/www.dj-vodovod.hr\/wp-content\/uploads\/2020\/09\/Trnava-Hrkanovci.jpg\"><img decoding=\"async\" loading=\"lazy\" class=\"wp-image-2103 aligncenter\" src=\"http:\/\/www.dj-vodovod.hr\/wp-content\/uploads\/2020\/09\/Trnava-Hrkanovci.jpg\" alt=\"\" width=\"436\" height=\"316\" srcset=\"http:\/\/www.dj-vodovod.hr\/wp-content\/uploads\/2020\/09\/Trnava-Hrkanovci.jpg 1029w, http:\/\/www.dj-vodovod.hr\/wp-content\/uploads\/2020\/09\/Trnava-Hrkanovci-300x218.jpg 300w, http:\/\/www.dj-vodovod.hr\/wp-content\/uploads\/2020\/09\/Trnava-Hrkanovci-768x558.jpg 768w, http:\/\/www.dj-vodovod.hr\/wp-content\/uploads\/2020\/09\/Trnava-Hrkanovci-1024x743.jpg 1024w\" sizes=\"(max-width: 436px) 100vw, 436px\" \/><\/a><\/h4>\n<h4><\/h4>\n<p>&nbsp;<\/p>\n<p>&nbsp;<\/p>\n<h4>OPIS PROJEKTA<\/h4>\n<p>Projekt je financiran iz Programa ruralnog razvoja Republike Hrvatske za razdoblje 2014.-2020., podmjere 7.2. \u201eUlaganja u izradu, pobolj\u0161anje ili pro\u0161irenje svih vrsta male infrastrukture, uklju\u010duju\u0107i ulaganja u obnovljive izvore energije i u\u0161tedu energije\u201c &#8211; provedba tipa operacije 7.2.1., \u201eUlaganja u gra\u0111enje javnih sustava za vodoopskrbu, odvodnju, pro\u010di\u0161\u0107avanje otpadnih voda\u201c.<br \/>\nProjektom je predvi\u0111ena izgradnja vodoopskrbnog cjevovoda izme\u0111u naselja Trnava i Hrkanovci \u0110akova\u010dki u duljini 6.114,25 m.<\/p>\n<h4><\/h4>\n<p>&nbsp;<\/p>\n<h4>CILJEVI<\/h4>\n<p>Cilj projekta je pobolj\u0161anje vodoopskrbe naselja Hrkanovci \u0110akova\u010dki. Projektom je dano rje\u0161enje vodoopskrbe svih postoje\u0107ih i potencijalnih potro\u0161a\u010da predmetnog naselja.<\/p>\n<h4><\/h4>\n<p>&nbsp;<\/p>\n<h4>O\u010cEKIVANI REZULTATI<\/h4>\n<p>Realizacijom predmetnog projekta pro\u0161irit \u0107e se vodoopskrbna mre\u017ea na podru\u010dju naselja Trnava i Hrkanovci \u0110akova\u010dki.<br \/>\nOsigurati \u0107e se vodoopskrba naselja Hrkanovci \u0110. budu\u0107i da je predvi\u0111ena izgradnja cjevovoda do naselja Hrkanovci \u0110. te cjevovod u naselju Hrkanovci \u0110akova\u010dki. Stanovnici naselja Hrkanovci \u0110. trenutno nisu priklju\u010deni na vodoopskrbnu mre\u017eu, stoga \u0107e im nakon izgradnje predmetnog cjevovoda biti omogu\u0107ena isporuka zdravstveno ispravne i kvalitetne vode za pi\u0107e.<\/p>\n","protected":false},"excerpt":{"rendered":"<p>&nbsp; &nbsp; OPIS PROJEKTA Projekt je financiran iz Programa ruralnog razvoja Republike Hrvatske za razdoblje 2014.-2020., podmjere 7.2. \u201eUlaganja u izradu, pobolj\u0161anje ili pro\u0161irenje svih vrsta male infrastrukture, uklju\u010duju\u0107i ulaganja u obnovljive izvore energije i u\u0161tedu energije\u201c &#8211; provedba tipa operacije 7.2.1., \u201eUlaganja u gra\u0111enje javnih sustava za vodoopskrbu, odvodnju, pro\u010di\u0161\u0107avanje otpadnih voda\u201c. Projektom je [&hellip;]<\/p>\n","protected":false},"author":1,"featured_media":0,"parent":0,"menu_order":0,"comment_status":"closed","ping_status":"closed","template":"page-full.php","meta":{"ngg_post_thumbnail":0,"footnotes":""},"_links":{"self":[{"href":"http:\/\/www.dj-vodovod.hr\/index.php?rest_route=\/wp\/v2\/pages\/2102"}],"collection":[{"href":"http:\/\/www.dj-vodovod.hr\/index.php?rest_route=\/wp\/v2\/pages"}],"about":[{"href":"http:\/\/www.dj-vodovod.hr\/index.php?rest_route=\/wp\/v2\/types\/page"}],"author":[{"embeddable":true,"href":"http:\/\/www.dj-vodovod.hr\/index.php?rest_route=\/wp\/v2\/users\/1"}],"replies":[{"embeddable":true,"href":"http:\/\/www.dj-vodovod.hr\/index.php?rest_route=%2Fwp%2Fv2%2Fcomments&post=2102"}],"version-history":[{"count":4,"href":"http:\/\/www.dj-vodovod.hr\/index.php?rest_route=\/wp\/v2\/pages\/2102\/revisions"}],"predecessor-version":[{"id":2113,"href":"http:\/\/www.dj-vodovod.hr\/index.php?rest_route=\/wp\/v2\/pages\/2102\/revisions\/2113"}],"wp:attachment":[{"href":"http:\/\/www.dj-vodovod.hr\/index.php?rest_route=%2Fwp%2Fv2%2Fmedia&parent=2102"}],"curies":[{"name":"wp","href":"https:\/\/api.w.org\/{rel}","templated":true}]}}