{"id":2872,"date":"2023-01-31T12:49:03","date_gmt":"2023-01-31T12:49:03","guid":{"rendered":"http:\/\/www.dj-vodovod.hr\/?page_id=2872"},"modified":"2026-02-04T08:43:41","modified_gmt":"2026-02-04T08:43:41","slug":"poslovanje","status":"publish","type":"page","link":"http:\/\/www.dj-vodovod.hr\/?page_id=2872","title":{"rendered":"Poslovanje"},"content":{"rendered":"<p><a href=\"http:\/\/www.dj-vodovod.hr\/wp-content\/uploads\/2026\/02\/POSLOVNI-PLAN-ZA-RAZDOBLJE-2023-2026-REVIDIRANI-POSL.PLAN-2025.-godina.pdf\">POSLOVNI PLAN ZA RAZDOBLJE 2023-2026 &#8211; REVIDIRANI POSL.PLAN 2025. godina<\/a>&nbsp;<\/p>\n<p><a href=\"http:\/\/www.dj-vodovod.hr\/wp-content\/uploads\/2026\/02\/DAKOVACKI-VODOVOD-d.o.o.-Godisnje-izvjesce-o-izvrsenju-poslovnog-plana-za-2024.-godinu.pdf\">\u0110AKOVA\u010cKI VODOVOD d.o.o. &#8211; Godi\u0161nje izvje\u0161\u0107e o izvr\u0161enju poslovnog plana za 2024. godinu<\/a><\/p>\n<p><a href=\"http:\/\/www.dj-vodovod.hr\/wp-content\/uploads\/2024\/03\/Operativno-financijski-plan-za-2024.godinu.pdf\">Operativno financijski plan za 2024.godinu<\/a><\/p>\n<p><a href=\"http:\/\/www.dj-vodovod.hr\/wp-content\/uploads\/2026\/02\/DAKOVACKI-VODOVOD-d.o.o.-Godisnje-izvjesce-o-izvrsenju-poslovnog-plana-za-2023.-godinu.pdf\">\u0110AKOVA\u010cKI VODOVOD d.o.o. &#8211; Godi\u0161nje izvje\u0161\u0107e o izvr\u0161enju poslovnog plana za 2023. godinu<\/a><\/p>\n<p><a href=\"http:\/\/www.dj-vodovod.hr\/wp-content\/uploads\/2024\/02\/Revidirani%20poslovni%20plan%20za%20radzbolje%2001.01.2023.-31.12.2026..pdf\">Revidirani poslovni plan za razdoblje 01.01.2023. &#8211; 31.12.2026.<\/a><\/p>\n<p><a href=\"http:\/\/www.dj-vodovod.hr\/wp-content\/uploads\/2024\/02\/Poslovni-plan1-2023.-2026.pdf\">Poslovni plan 1. 1. 2023. &#8211; 31. 12. 2026.<\/a><\/p>\n<p><a href=\"http:\/\/www.dj-vodovod.hr\/wp-content\/uploads\/2023\/01\/Operativno-financijski-plan-za-2022.-godinu.pdf\">Operativno financijski plan za 2022. godinu<\/a><\/p>\n","protected":false},"excerpt":{"rendered":"<p>POSLOVNI PLAN ZA RAZDOBLJE 2023-2026 &#8211; REVIDIRANI POSL.PLAN 2025. godina&nbsp; \u0110AKOVA\u010cKI VODOVOD d.o.o. &#8211; Godi\u0161nje izvje\u0161\u0107e o izvr\u0161enju poslovnog plana za 2024. godinu Operativno financijski plan za 2024.godinu \u0110AKOVA\u010cKI VODOVOD d.o.o. &#8211; Godi\u0161nje izvje\u0161\u0107e o izvr\u0161enju poslovnog plana za 2023. godinu Revidirani poslovni plan za razdoblje 01.01.2023. &#8211; 31.12.2026. Poslovni plan 1. 1. 2023. &#8211; [&hellip;]<\/p>\n","protected":false},"author":1,"featured_media":0,"parent":0,"menu_order":0,"comment_status":"closed","ping_status":"closed","template":"page-full.php","meta":{"ngg_post_thumbnail":0,"footnotes":""},"_links":{"self":[{"href":"http:\/\/www.dj-vodovod.hr\/index.php?rest_route=\/wp\/v2\/pages\/2872"}],"collection":[{"href":"http:\/\/www.dj-vodovod.hr\/index.php?rest_route=\/wp\/v2\/pages"}],"about":[{"href":"http:\/\/www.dj-vodovod.hr\/index.php?rest_route=\/wp\/v2\/types\/page"}],"author":[{"embeddable":true,"href":"http:\/\/www.dj-vodovod.hr\/index.php?rest_route=\/wp\/v2\/users\/1"}],"replies":[{"embeddable":true,"href":"http:\/\/www.dj-vodovod.hr\/index.php?rest_route=%2Fwp%2Fv2%2Fcomments&post=2872"}],"version-history":[{"count":9,"href":"http:\/\/www.dj-vodovod.hr\/index.php?rest_route=\/wp\/v2\/pages\/2872\/revisions"}],"predecessor-version":[{"id":4014,"href":"http:\/\/www.dj-vodovod.hr\/index.php?rest_route=\/wp\/v2\/pages\/2872\/revisions\/4014"}],"wp:attachment":[{"href":"http:\/\/www.dj-vodovod.hr\/index.php?rest_route=%2Fwp%2Fv2%2Fmedia&parent=2872"}],"curies":[{"name":"wp","href":"https:\/\/api.w.org\/{rel}","templated":true}]}}